db88 (base 14) to base 12
166064
Convert -10110000101111101010000 (base 2) to base 5.
-2440312233
Convert -1255251 (base 6) to base 10.
-69871
What is -2208ae (base 15) in base 14?
-303148
What is 8980b (base 15) in base 11?
279512
2011221202 (base 3) to base 8
123741
What is -313232231 (base 4) in base 5?
-24301034
What is 466775 (base 12) in base 4?
10110023021
Convert -881464 (base 9) to base 7.
-4320334
What is -1226540 (base 7) in base 8?
-465274
Convert -2275465 (base 9) to base 11.
-770902
1020202210211100 (base 3) to base 5
14043302000
What is 10797383 (base 10) in base 8?
51140507
Convert -65327 (base 13) to base 16.
-2ca6b
Convert 100243 (base 7) to base 5.
1020221
Convert 15b06 (base 12) to base 5.
1442331
What is 3206665 (base 7) in base 12?
169114
Convert -bef3 (base 16) to base 5.
-3031013
What is -20231123103 (base 4) in base 16?
-22d6d3
Convert -4335245 (base 8) to base 14.
-223605
What is 11329361 (base 10) in base 12?
3964415
12423210 (base 5) to base 8
361243
-27822 (base 14) to base 12
-48606
What is -30797 (base 15) in base 14?
-3dd8c
What is 10132331312 (base 4) in base 5?
300103124
121200100122 (base 3) to base 14
8790a
584774 (base 13) to base 3
10221102211022
Convert 16362801 (base 9) to base 12.
28ab877
What is -833750 (base 11) in base 8?
-5063612
Convert -22201012122002 (base 3) to base 4.
-101222101223
-1522413 (base 6) to base 7
-516432
-1334030 (base 6) to base 3
-10210112200
5860821 (base 9) to base 8
14056536
What is -21020101201 (base 3) in base 5?
-14024234
554366 (base 9) to base 7
2546541
1122335 (base 7) to base 11
962aa
Convert -4b711 (base 15) to base 13.
-85a41
What is 1200323120 (base 5) in base 9?
5143885
What is -11101110101001110 (base 2) in base 16?
-1dd4e
2200002002010 (base 3) to base 6
50224003
2131103333 (base 4) to base 11
400124
What is -203221222 (base 4) in base 7?
-1145506
Convert -627654 (base 8) to base 11.
-13297a
Convert 14a714 (base 11) to base 2.
111001000100111011
1552847 (base 9) to base 10
861640
-35593 (base 11) to base 14
-14993
Convert 3d683 (base 14) to base 13.
54387
-13e195 (base 16) to base 12
-52a019
115320305 (base 6) to base 13
5c8c4c
8057 (base 14) to base 8
53015
Convert 417703 (base 10) to base 13.
118180
Convert -3300003122 (base 4) to base 9.
-1757688
What is 2421114432 (base 5) in base 11?
3206191
Convert 9bb122 (base 13) to base 14.
6bb256
5108a0 (base 13) to base 5
440332013
7973302 (base 10) to base 3
120000002022111
What is -385a37 (base 11) in base 16?
-947ba
Convert -464360 (base 8) to base 12.
-77494
What is 6bbbb3 (base 12) in base 4?
12221033313
What is -2758a99 (base 12) in base 13?
-1813332
What is 111110010001101110110 (base 2) in base 15?
2a49b4
4241041 (base 6) to base 2
110010101011110001
-2354c9a (base 13) to base 7
-161554236
Convert -14330a (base 14) to base 9.
-1276581
What is -2012220200212 (base 3) in base 12?
-48a572
What is 2821c (base 15) in base 6?
2431543
4f58bb (base 16) to base 13
1100b77
What is -22640d (base 15) in base 11?
-a21037
-12513a (base 12) to base 5
-34033014
102202122122211 (base 3) to base 7
104100346
287872 (base 9) to base 12
86102
What is -4177457 (base 12) in base 14?
-18d6d7d
Convert 8423817 (base 10) to base 6.
500315053
What is -275a5 (base 12) in base 16?
-d48d
113323023330 (base 4) to base 15
83d460
Convert 34221440 (base 5) to base 16.
4a5ec
Convert 100111101011101110011 (base 2) to base 12.
528617
34102511 (base 8) to base 11
4187346
-b0d738 (base 14) to base 2
-10110101101011010000110
Convert 1669102 (base 11) to base 16.
2b4d37
What is -115217 (base 10) in base 16?
-1c211
33a24 (base 11) to base 3
2111102110
What is -201111320 (base 4) in base 9?
-227302
Convert 145133544 (base 6) to base 3.
12201201011201
What is 8942 (base 14) in base 6?
302022
6c837 (base 16) to base 3
211120200220
What is -32300402 (base 6) in base 5?
-221102334
Convert 111011101111001100 (base 2) to base 12.
b9724
Convert 32555420 (base 6) to base 16.
ef304
Convert 100011101011001111100001 (base 2) to base 10.
9352161
2215545 (base 7) to base 5
32221211
24c1e (base 15) to base 10
117479
-1214941 (base 11) to base 8
-10042312
-44565 (base 8) to base 4
-10211311
1242577 (base 9) to base 11
4231a6
32695 (base 15) to base 5
20110430
What is -13b6410 (base 12) in base 13?
-a90926
What is 30b29 (base 13) in base 2?
10101011000011001
Convert 1110110100100011 (base 2) to base 6.
1145015
Convert -71217 (base 8) to base 13.
-1046c
What is 2431203 (base 5) in base 14?
12999
What is 39a75 (base 16) in base 8?
715165
-321321444 (base 5) to base 10
-1354624
Convert -24523512 (base 7) to base 8.
-10330072
What is -24601504 (base 7) in base 16?
-21dc6c
-50643616 (base 7) to base 13
-b5117c
-213373 (base 8) to base 10
-71419
16241b (base 12) to base 13
102974
Convert -10210100221 (base 3) to base 16.
-12382
-31454321 (base 8) to base 12
-22b5729
What is -11020201200022 (base 3) in base 7?
-25123460
Convert -2b879d (base 15) to base 2.
-1000000001110000011100
-30113020200 (base 4) to base 13
-895c59
What is -330121 (base 15) in base 2?
-1001010001010100110000
1144060 (base 7) to base 5
14123344
Convert -37074 (base 14) to base 15.
-29d08
What is 3d8df (base 16) in base 8?
754337
1103244 (base 6) to base 10
55180
Convert -15a5828 (base 12) to base 11.
-2568386
What is -1134331410 (base 5) in base 12?
-a7a949
Convert 44606541 (base 8) to base 6.
542320425
What is 11101000101011110011001 (base 2) in base 14?
1026905
What is 12112012122 (base 3) in base 8?
324345
What is 1430781 (base 11) in base 15?
339119
Convert -1245b (base 12) to base 13.
-b3c9
335500 (base 6) to base 8
67474
-1265463 (base 8) to base 12
-151617
-37030 (base 9) to base 3
-1021001000
Convert 335313245 (base 6) to base 9.
12483722
Convert -837167 (base 12) to base 10.
-2065183
Convert -180471 (base 9) to base 14.
-2cb09
Convert 51351 (base 12) to base 4.
121312231
Convert -1231011122 (base 4) to base 5.
-103244220
What is -2515142 (base 6) in base 16?
-20de6
Convert 1202301 (base 4) to base 6.
45133
Convert 1362021 (base 7) to base 11.
115695
-11330202 (base 6) to base 11
-221971
Convert 324b9 (base 13) to base 8.
261431
Convert 5023542 (base 8) to base 2.
101000010011101100010
What is -1090a24 (base 12) in base 15?
-42a701
Convert -b2104 (base 13) to base 15.
-64693
Convert -30203003031 (base 4) to base 6.
-154300113
What is 43030134 (base 5) in base 3?
200100121021
What is -1000920 (base 10) in base 8?
-3642730
2da58b (base 14) to base 8
6074017
What is 34660 (base 16) in base 15?
438d4
What is -3050105 (base 9) in base 6?
-54513222
What is -2035142 (base 7) in base 14?
-65059
-13030210 (base 4) to base 10
-29476
Convert -129b1a0 (base 15) to base 4.
-303020012010
-1331502 (base 6) to base 7
-426350
What is -14551545 (base 6) in base 13?
-14c282
-147371 (base 8) to base 4
-30323321
302c6 (base 13) to base 4
111002213
1224333 (base 6) to base 13
23c40
What is 2106457 (base 8) in base 4?
2020310233
Convert -1011011010000111010 (base 2) to base 4.
-1123100322
Convert 2534153 (base 9) to base 14.
27d327
What is 10ca68 (base 16) in base 3?
2001220110021
199030 (base 10) to base 14
52766
Convert 3a481 (base 12) to base 6.
1415041
What is 4725138 (base 9) in base 4?
21300001112
What is 60a566 (base 11) in base 4?
3233111011
Convert -255706 (base 9) to base 4.
-211313301
-12213013332 (base 4) to base 16
-1a71fe
Convert -2108725 (base 11) to base 10.
-3715695
Convert 58478 (base 15) to base 6.
10005322
What is 21cc3 (base 13) in base 15?
13356
-21001 (base 14) to base 11
-54873
What is 24143123 (base 5) in base 16?
36e14
52721 (base 9) to base 10
34849
111110110000110001010 (base 2) to base 14
3b76b0
What is 300634 (base 8) in base 4?
120012130
885a7c (base 13) to base 12
10aa6a2
What is -132301400 (base 5) in base 6?
-22134350
Convert 1101010111212 (base 3) to base 5.
141341312
Convert -2326456 (base 9) to base 14.
-24a5c0
What is 11120210101 (base 3) in base 4?
112002010
What is 65702 (base 12) in base 8?
405662
What is 11122022221 (base 3) in base 16?
164e6
-38b0 (base 14) to base 15
-2e39
58636 (base 14) to base 5
23342011
Convert -12355040 (base 6) to base 12.
-175a80
Convert -2142423 (base 7) to base 12.
-107b80
2518134 (base 9) to base 8
5165010
Convert 234023 (base 8) to base 3.
110011